*z - 2*z = -f*s + 9, 5*s + 3*z = -24. Let r(a) = 12*a**2 + 5*a + 12. What is the tens digit of r(s)?
0
Suppose -f + 5*f = 136. Suppose f*o = 28*o + 11946. What is the tens digit of o?
9
Suppose 22873 = 27*b - 16271 - 6108. What is the units digit of b?
6
What is the hundreds digit of 6/(-57) + 2815302/323 + -5?
7
Let j = 133 - -276. Suppose 734 = 3*i + m, i + 165 - j = -m. Suppose -11*u + 6*u = -i. What is the units digit of u?
9
Let z(c) = -c. Let i be z(-3). Suppose -i*t - t = -20. Suppose t*p + 715 = 5*l + 3*p, -l + 4*p = -125. What is the units digit of l?
5
Let l(h) = -2*h + 2612. What is the hundreds digit of l(51)?
5
Suppose 0 = 4*y - 6*y + 8. Suppose -y*c + 36 = 5*c. Suppose c*l - 660 = -2*l. What is the hundreds digit of l?
1
Suppose -3*k = 3*m - 131799, k + 219719 = -55*m + 60*m. What is the ten thousands digit of m?
4
Let p = -72 - -690. Suppose -26*u + 21*u + p = 4*d, -4*u - 5*d + 489 = 0. What is the tens digit of u?
2
Suppose 2*l - 3*l = -10*l. Suppose l = 3*h, 263 - 1923 = -5*z - h. What is the tens digit of z?
3
Let t = 77 + -75. Let z be (3 + -2015)/(t/8). What is the units digit of z/(-72) + 4 + (-2)/(-9)?
6
Let g = -10 - -12. Let h be (6/(-1))/(-2 - g - -2). Let o = 8 + h. What is the tens digit of o?
1
Let v(p) = 16*p + 5. Let s(a) = 24*a + 7. Let o(z) = -5*s(z) + 8*v(z). Suppose -35*r + 4 = -33*r, l + 3*r = 13. What is the units digit of o(l)?
1
Suppose 2*y = -2*y - 264. Let p be y/(-4) - (35/10)/7. Let h(f) = f**2 - 4*f - 38. What is the tens digit of h(p)?
5
Suppose 3*o = 7*o + 264. What is the hundreds digit of 3286/10 + (-4 - o/15)?
3
Let o(m) = -m**3 + 61*m**2 - 102*m + 202. What is the tens digit of o(59)?
4
What is the tens digit of (-18 + (-117)/(-18))*-4084?
6
Let u(n) be the first derivative of -8*n**3 + 0*n + 27*n**2 + 1/4*n**4 - 44. What is the tens digit of u(22)?
2
Let h(p) = 3*p**3 - 39*p**2 + 20*p + 58. What is the tens digit of h(13)?
1
Suppose -4*w = 2*a + 4, 6 = -w - 0*a - 3*a. Suppose 2*v - 6 + 2 = w. Suppose 3*h + 25 = t - 0*h, 5*h + 55 = v*t. What is the tens digit of t?
4
Let p(b) = b**3 + 44*b**2 - 112*b - 227. What is the tens digit of p(-33)?
4
Let o(m) = 9*m + 45. Suppose 35 = 4*y + 19. What is the tens digit of o(y)?
8
Let y(t) = t**3 - 31*t**2 - 203*t + 305. What is the hundreds digit of y(44)?
5
What is the hundreds digit of 4 - (-18)/((-162)/(-123921))?
7
Suppose 0 = 137*r - 2838480 - 4236337. What is the thousands digit of r?
1
Let h(g) = -g**2 + g + 105. Let n be h(11). What is the thousands digit of (-15 - -7)*n/(40/1308)?
1
Let d(r) = 1454*r**2 - 45*r - 135. What is the thousands digit of d(-5)?
6
Suppose 10 = d + 4*k - 5*k, k - 14 = -3*d. Suppose 34 - d = -4*s. Let l(w) = 2*w**2 - 5. What is the tens digit of l(s)?
9
Suppose 3*l - 63 = j - 5*j, -2*j + 5*l = -25. Let m = j - 12. Suppose -676 - 68 = -m*t. What is the units digit of t?
8
What is the tens digit of (603194/66 - (-48)/132)*3?
1
Let f(v) = -v**3 + 33*v**2 - 28*v + 140. What is the tens digit of f(31)?
9
Let i = 2571 + 2437. What is the units digit of i?
8
Suppose 9*o = 2*t + 5*o - 35228, -35198 = -2*t - o. What is the tens digit of t?
0
Let l(t) = 3547*t - 869. What is the hundreds digit of l(10)?
6
Suppose 0 = 4*a + 2*u - 55845 - 7069, -5*a - u + 78647 = 0. What is the units digit of a?
0
Let r(k) = 10349*k**2 + 131*k - 133. What is the tens digit of r(1)?
4
Suppose -96 = -2*y + 658. Suppose -3*l - q = -1161, l + 0*l = 3*q + y. What is the hundreds digit of l?
3
Let c = -13022 + 42912. What is the hundreds digit of c?
8
Let p(s) = s - 42. Let w be p(47). Suppose 1823 + 1732 = w*l. What is the hundreds digit of l?
7
Suppose -4264820 = 669*n - 739*n. What is the thousands digit of n?
0
Suppose -1429*f - 15680 = -4*s - 1426*f, -5*f = -3*s + 11771. What is the hundreds digit of s?
9
Let o be (8/6)/(6/(-207)). What is the tens digit of (-88)/(-10)*(-2645)/o?
0
Suppose 2*o = -3*r + 10062, -5*o - 4884 + 30089 = -5*r. What is the hundreds digit of o?
0
Let t(g) be the third derivative of 13*g**4/24 - 6*g**3 - 90*g**2 + 1. What is the tens digit of t(8)?
6
Suppose 44*f = 224059 + 23705. What is the units digit of f?
1
Suppose -4*p + 83 = 11*o - 10*o, 2*o - 82 = -4*p. Let d(j) = 37*j - 55. What is the units digit of d(p)?
2
Let z(g) = 2*g**2 + 48*g - 67. Let a = 442 + -473. What is the units digit of z(a)?
7
Let u(i) = -i**3 - 35*i**2 - 3*i - 64. Let r be u(-35). Suppose r*k = 15*k + 25974. What is the units digit of k?
9
Suppose -4*y - 3849 = -5*x, x - 4*x = -4*y - 2311. What is the hundreds digit of x?
7
Let h = 171 - 169. Suppose 0 = 5*d - 5*j - 1715, 4*d - j - 1370 = h*j. What is the units digit of d?
1
Suppose 0 = -12*j + j + 946. Suppose -4*n - 54 = -j. Let m(p) = -2*p + 34. What is the tens digit of m(n)?
1
Let y(p) = 160*p**2 + 5*p - 4. Suppose 2*i = -0*i - 5*i. Suppose i = 4*l + 11 - 15. What is the units digit of y(l)?
1
Let f(h) = -h**3 - 5*h**2 - 5*h + 12. Let t = -128 + 121. What is the units digit of f(t)?
5
Let b be (-2)/5 - 51/(-15). Let r(s) = 5*s**2 + 2*s**3 - b*s**2 - 3*s**3 + 2*s**2. What is the units digit of r(-3)?
3
Suppose 2*r + 3 = 5*a + 2, -3 = r - 5*a. Suppose z - r*z - 4 = 0, -4*z = -4*x + 3336. What is the tens digit of x?
3
Let b be (94/35 - 22/77)*150. Suppose 5*q - c - 586 = 0, b + 222 = 5*q - 2*c. What is the tens digit of q?
1
Let f = -1002 - -1651. Let t = 1121 - f. What is the tens digit of (t/10)/(4 + 54/(-15))?
1
Let u(x) = x**2 + 2*x - 20. Let s be u(-6). Suppose v = -5*m + 542, -s*v + 2278 = -m - m. Suppose 0 = 6*w - v - 393. What is the hundreds digit of w?
1
Let o(i) = 31*i + 2. Let y be o(5). Let r = y - 125. What is the units digit of r?
2
Let r(u) = 6*u**2 - 176*u - 5972. What is the ten thousands digit of r(-101)?
7
Let t = 141 - 46. Let v = -89 + 55. Let h = v + t. What is the units digit of h?
1
Suppose -j = -5*j + 2*l + 28, 5*l = -5*j + 35. Suppose -288 = -h + 2*i, 0 = 3*i + j + 5. Suppose 34*m - 38*m + h = 0. What is the tens digit of m?
7
Suppose -159*k + 2591676 = -83*k. What is the ten thousands digit of k?
3
Suppose -43 = -4*h - 27. Suppose 3*s = -0*l - 3*l + 3666, 0 = -s + h. What is the thousands digit of l?
1
Let c(y) = 2*y**3 + 9*y**2 - 14*y - 38. What is the tens digit of c(10)?
2
Let r be ((-4)/3)/4*0. Suppose -v - 15 + 16 = 0, r = -w - v + 246. What is the units digit of w?
5
Let p = 375 + -288. Suppose p*a = 89*a - 350. What is the hundreds digit of a?
1
Let f(j) = -21 - j + 3*j + 45 - 9*j. Let b be f(-8). Let m = 122 + b. What is the tens digit of m?
0
What is the tens digit of (-11 - 102/(-17)) + 14282?
7
Let s(d) = -d**2 + 911*d + 163 - 453*d - 445*d. What is the hundreds digit of s(0)?
1
Suppose 4*n = -4*g + 5028, n = -n + 3*g + 2489. What is the hundreds digit of n?
2
Suppose 2*u - 144521 = -5*v, u + 6*v = -u + 144520. What is the hundreds digit of u?
2
Let d = -128 - -132. Suppose 4*i - 12 = -d*b, 22 + 3 = 3*i - 5*b. Suppose 5*l - i*x - 890 = -0*l, -4 = -x. What is the units digit of l?
2
Suppose 6*n - 11*n = -4*y - 123978, y = 4*n - 99167. What is the tens digit of n?
9
Let w = -67 - -69. Let t(q) = -7 - 7 - 5 + q**3 + 12 - 5*q + 7*q**w. What is the tens digit of t(-5)?
6
Suppose 60384 = 7*a - 49390. Suppose 15*w - a = 3368. What is the hundreds digit of w?
2
Let p be -3 + 8/(5 + -4). Suppose c = u - 32, -3*u - c + p*c + 98 = 0. Suppose 5*j = -3*w + 394, u = 5*j + 5. What is the hundreds digit of w?
1
Let z(h) = -2*h + 12. Let i(m) = m**3 + 11*m**2 - 4*m - 2. Let b be i(-11). Suppose 9*g = -3 - b. What is the tens digit of z(g)?
2
Let b(i) = 8*i**3 - 17*i**2 + 23*i - 83. What is the hundreds digit of b(8)?
1
Suppose 5*y + 2*h - 2942 = 0, h = 4*y - 0*h - 2351. Let g = y + -147. What is the units digit of g?
1
Suppose -m = -4, 0 = -2*w - 0*w - 3*m + 24. Let i be 3*(2 + (-110)/w). What is the tens digit of -6 + 1 + 4 - (1 + i)?
4
Let l(k) = -25*k + 152. Let c be l(6). Suppose 5*h = c*z - 1590, 5*z - h - 3913 - 16 = 0. What is the tens digit of z?
8
Suppose 0 = y - 77 + 14. Let o = 181 - y. Suppose 0*h = -2*h + o. What is the units digit of h?
9
Let y = 10564 - 5400. What is the thousands digit of y?
5
Suppose -q + 31780 - 116619 = -3*n, -5*n - q + 141385 = 0. What is the ten thousands digit of n?
2
Let n = 1334 - 878. Let k = n - 226. Suppose 4*x - k = -2*i, -7*i = -